2 - 3*u - 10. What are the prime factors of c(-6)?
2, 11
Let m = -3 - -7. What are the prime factors of -15*m/(-8)*2?
3, 5
Let r be 973/(-35) + (-1)/5. What are the prime factors of (-1)/(3/12) - r?
2, 3
Let h be -48*(-2 + 24/9). What are the prime factors of (-18)/(-8)*h/(-6)?
2, 3
Let d(q) = 10*q + 8. Let i(r) = -r - 1. Let g(c) = -d(c) - 12*i(c). List the prime factors of g(4).
2, 3
Let f(g) = 2*g - 2. Let c(w) = -10*w + 11. Let p(j) = 6*c(j) + 33*f(j). Let z(o) = o**2 - 4*o - 3. Let a be z(5). List the prime factors of p(a).
2, 3
Let z(v) = v**3 - 8*v**2 + v + 3. List the prime factors of z(8).
11
Let v be 5/((-5)/6) - 1. Let c = -5 - v. Suppose 4*t - 30 = -5*j - 0*t, 2*t = c*j - 12. What are the prime factors of j?
2, 3
Let d(s) = s + 6. Let m be d(0). Let v = m + -3. Suppose -3*z - 2 = 4, 3*k - v*z = 27. List the prime factors of k.
7
Let k(n) = n**3 + 13*n**2 + 11*n - 7. Let a be k(-12). What are the prime factors of 102/a + (-2)/5?
2, 5
Let s = -33 + 81. What are the prime factors of s?
2, 3
Let j = -1 + 3. Suppose -j = -d + 1. List the prime factors of d.
3
Suppose 0 = -i + q + 173, 9*i - 5*i - 2*q = 700. List the prime factors of i.
3, 59
Let f(s) = -s**3 - 2*s**2 - 2*s + 1. Suppose 5*v + 7 = -5*c - 23, 2*c - 4*v - 6 = 0. Let z be f(c). Let h = z + -10. What are the prime factors of h?
2, 3
Let y = -7 - -13. Suppose -5 = -6*o + o, -y = -5*k + 4*o. Suppose 1 - 13 = -k*n. What are the prime factors of n?
2, 3
Let n(j) = j**3 + 9*j - 2*j**3 - 2 + 6*j**2 - 3. Let r be n(7). Suppose g + 2 = r. What are the prime factors of g?
7
Suppose 33 = 6*h - h + 4*w, 0 = 2*h + 5*w - 20. Let p(b) = -h + 3 + 2*b - 3. What are the prime factors of p(9)?
13
Let f(k) = 74*k**2 - 3*k - 2. List the prime factors of f(-1).
3, 5
Let n = 64 + -25. Suppose 4*i - 52 = -2*w + 4*w, -3*i - w + n = 0. List the prime factors of i.
13
Let a(i) = -i**3 - 2. Let l be a(-2). Let c be (2 - l)*(-1 + -3). Suppose -g = -6 - c. List the prime factors of g.
2, 11
Let m(y) = 2*y + 1. Let t be m(2). Let k be (-2)/((-2)/130*2). Suppose w - 5 = -x, -3*x - t*w = -8*x + k. List the prime factors of x.
3
Suppose -h - 5*x - 22 = -5, 3*h = 2*x + 17. What are the prime factors of h?
3
Suppose h = -3*u - h + 26, -6 = -u - 2*h. Suppose -u = -2*x + 4. List the prime factors of x.
7
Suppose m - 3*m = 4, -2*b + 4*m = -18. List the prime factors of b.
5
Let u = 71 - -54. List the prime factors of u.
5
Let m = 3 + -3. List the prime factors of 3 - (-3 - m - -3).
3
Suppose -2*m + 5*m - 3 = 0. Suppose 2*d - 2*a = 3*d - m, 0 = 3*d + 2*a - 7. Suppose -d*b + 4 + 2 = 0. List the prime factors of b.
2
Suppose 0*o = -7*o + 609. List the prime factors of o.
3, 29
Let i be (-1)/(-2) - (-22)/4. What are the prime factors of 8/6*i/4?
2
Suppose 4*i = 2*l + 12, 5*i - 9 = 2*i + 2*l. Let k be i + -2 - 3/(-1). Suppose -k*z + 13 = -11. What are the prime factors of z?
2, 3
Suppose 4*i + 0*i + 8 = -f, -5*f - 5*i + 5 = 0. Let v = -7 + f. What are the prime factors of v/24*-18*4?
3
Let v(x) = 2*x + 12. What are the prime factors of v(-5)?
2
Let o = -3 + 3. Let h(i) = 8 + 4 + i + i**2 + 0*i**2. What are the prime factors of h(o)?
2, 3
Let o = -5 - -44. What are the prime factors of o?
3, 13
Let v = -363 - -695. What are the prime factors of v?
2, 83
Let n(w) = w**2. Let f be n(3). Suppose -2*r - r = -f. What are the prime factors of r?
3
Suppose -3*o + 41 + 13 = 0. What are the prime factors of o?
2, 3
Let j(c) = c**2 + 6*c - 10. Let s be j(-7). List the prime factors of 22*(-1)/(-5 - s).
11
Suppose -69 - 27 = -4*f. List the prime factors of 2/(-8) - (-534)/f.
2, 11
Suppose t - 3*j + 6*j = 305, -2*j + 1190 = 4*t. List the prime factors of t.
2, 37
List the prime factors of (-4)/(-3)*165/10.
2, 11
Let n = 5 - -5. Let q = 8 + n. What are the prime factors of q?
2, 3
Let a = 3 - -5. What are the prime factors of (a/(-6))/(-4)*57?
19
Let o = 257 + -115. What are the prime factors of o?
2, 71
Let n(a) = a**3 + 4*a**2 - 4*a + 5. Let r be n(-5). Suppose -x + 5*x - 112 = r. List the prime factors of x.
2, 7
Let u(x) = x**3 + 13*x**2 + 5*x + 4. What are the prime factors of u(-6)?
2, 113
Suppose 0*j = 3*j. Let h(l) = 9*l**2 + l. Let a be h(1). Let d = a - j. List the prime factors of d.
2, 5
Let p(f) = -f**3 - f**2 + f - 6. Let s = -6 - -8. Let v(q) = 4*q**3 + 2*q**2 - 2*q + 19. Let h(d) = s*v(d) + 7*p(d). List the prime factors of h(3).
5
Suppose -595 = -5*l + k, -5*l + 4*l - 4*k + 98 = 0. What are the prime factors of l?
2, 59
Let v = 126 - 50. What are the prime factors of v?
2, 19
Let z(n) = 2*n**2 + 2*n - 6. What are the prime factors of z(-6)?
2, 3
Suppose 3*m - 4*t = -14, -3*t - 25 = -8*t. Let v(z) = 2*z**3 + 2*z**2 + z - m*z + 9*z**3. What are the prime factors of v(1)?
2, 3
Let s = 0 - 0. Let n(b) = 5*b**2 + s - b**3 + 0*b + 3*b - 6. List the prime factors of n(5).
3
Let u = -112 - -148. What are the prime factors of u?
2, 3
Suppose 5*q - 2*u = -0*u + 201, -u - 3 = 0. List the prime factors of q.
3, 13
Let f = 8 + 0. Let i be (13/3)/(3/9). Let v = i - f. List the prime factors of v.
5
Suppose -5*a + 10*a - 20 = 0. Suppose -3*d + 2*g + 16 = 0, -a*g + 0*g + 12 = 5*d. Suppose -d*f + 3 = -9. What are the prime factors of f?
3
Suppose 5*s = -0*s + 10. Let a be s - (3 - 3)/(-3). List the prime factors of 488/56 + a/7.
3
Let k be (-17)/4*(-2 + -2). Let i = k + -10. List the prime factors of i.
7
Suppose 4*o + o - 2*q = 18, -5*o - 5*q = 10. What are the prime factors of o?
2
Suppose 2*w - 4*n = 18, -3*w + 19 + 4 = -2*n. Let a = 10 - w. Suppose -3*j + 35 = -2*p, -3*j - 4*p + 32 - a = 0. List the prime factors of j.
11
What are the prime factors of (-4)/(-26) - (130960/(-65))/8?
2, 3, 7
Let z(k) = 3*k + 5. Let g = 1 - 1. Suppose g*j = 5*w + 2*j - 29, 11 = 3*w - 2*j. What are the prime factors of z(w)?
2, 5
Suppose 44 = 3*p + p. What are the prime factors of 4*(-1 - p/(-4))?
7
Let h = 22 - 15. Suppose 19 = 2*p - h. List the prime factors of p.
13
Let s(q) = 16 + q + 19 - 2*q. What are the prime factors of s(0)?
5, 7
Let y(g) = -3*g - 7. Let f be y(-9). Let z = f - 7. List the prime factors of z.
13
Let l(y) = y**3 + 5*y**2 - 5*y + 1. Let w be l(-6). What are the prime factors of -1 - 2 - 70/w?
11
Suppose 5*y = -2*n - 0*n + 55, -n + 4*y = 5. What are the prime factors of n?
3, 5
Let b(z) be the first derivative of 4*z**3 + z**2/2 + z - 4. What are the prime factors of b(-1)?
2, 3
Let y(u) = -4*u + 10. What are the prime factors of y(-6)?
2, 17
Suppose 3*q - 147 = -2*u, 2*q + 3*u = 29 + 74. What are the prime factors of q?
47
Let m(x) = x + 10. Let k be m(-7). Suppose -k*i + 5*i = 54. What are the prime factors of i?
3
Let z be (-12)/16 + 2/(-8). Let j be (z - 9/(-6))*0. Suppose -m + 2*m - 5 = j. What are the prime factors of m?
5
Suppose -5 + 3 = -2*a. Let k be 2 - (a + (5 - 0)). What are the prime factors of 10 + -1 + k + 2?
7
Suppose 0 = -5*z - a + 40, a = 5*z + 22 - 72. List the prime factors of (-3 + 3/z)*-6.
2
Let o be 15 + -9 + 2*1. Suppose -11 = 2*w + 1. Let r = o + w. List the prime factors of r.
2
Suppose 0 = -4*h - 0 + 12. Let o = 4 + 1. Let q = o - h. List the prime factors of q.
2
Let t = -8 + 63. What are the prime factors of t?
5, 11
Suppose 2*f = 2*x - 108, -x + 4*x + 3*f - 144 = 0. Let b = x + -28. List the prime factors of b.
23
Suppose 0 = 3*y - 514 + 124. What are the prime factors of y?
2, 5, 13
Suppose -4*x = -6*x + 82. List the prime factors of x.
41
Let u = 151 + -106. Suppose 4*c - 5*y + 0*y - u = 0, y = -4*c + 39. List the prime factors of c.
2, 5
Let q(g) = -g**2 - 3*g + 3. Let x be q(-3). Suppose 4 - 25 = -x*j. Suppose -3*v + j + 5 = 0. What are the prime factors of v?
2
Let h(d) = -20*d - 5. What are the prime factors of h(-6)?
5, 23
Let d be (-1 - -22)*(-6 - -4). Let w = -25 - d. List the prime factors of w.
17
Suppose 3*a = -i - 5 + 23, 0 = -3*i - 4*a + 29. Let s = 101 + -102. Let n = i + s. What are the prime factors of n?
2
Let g be (-2)/(-8) - (-150)/(-24). Let b = -2 - g. What are the prime factors of b?
2
Suppose 0 = -2*i + 45 + 47. List the prime factors of i.
2, 23
Let y be 3 + -4*(-2)/4. Let c be 0/(-2)*y/5. Suppose c = -4*t + t + 24. List the prime factors of t.
2
Let d(z) be the second derivative of -z**4/12 + z**3/6 + 6*z**2 - 3*z. Let w be d(0). Suppose -12 = -4*s + w. What are th